ts digit of 3675694?
4
What is the hundred thousands digit of 3732710?
7
What is the units digit of 589790?
0
What is the hundreds digit of 184735?
7
What is the thousands digit of 60561?
0
What is the ten thousands digit of 28750?
2
What is the hundreds digit of 876110?
1
What is the tens digit of 740114?
1
What is the thousands digit of 196951?
6
What is the hundreds digit of 2775080?
0
What is the tens digit of 18079769?
6
What is the hundreds digit of 9432?
4
What is the thousands digit of 1297582?
7
What is the thousands digit of 19993598?
3
What is the ten thousands digit of 24435961?
3
What is the millions digit of 3376436?
3
What is the hundreds digit of 655609?
6
What is the hundred thousands digit of 3436969?
4
What is the thousands digit of 2230524?
0
What is the thousands digit of 16940?
6
What is the hundred thousands digit of 127333?
1
What is the ten thousands digit of 439306?
3
What is the hundred thousands digit of 1719813?
7
What is the hundred thousands digit of 859939?
8
What is the hundreds digit of 3086106?
1
What is the tens digit of 392922?
2
What is the hundred thousands digit of 3703571?
7
What is the hundreds digit of 1448710?
7
What is the tens digit of 3642364?
6
What is the hundreds digit of 120510?
5
What is the units digit of 15412917?
7
What is the tens digit of 8516783?
8
What is the units digit of 13252478?
8
What is the units digit of 367254?
4
What is the ten thousands digit of 338377?
3
What is the millions digit of 2250137?
2
What is the units digit of 203068?
8
What is the thousands digit of 128329?
8
What is the millions digit of 2300286?
2
What is the thousands digit of 936709?
6
What is the units digit of 235126?
6
What is the units digit of 1777854?
4
What is the hundreds digit of 4351645?
6
What is the hundred thousands digit of 15251291?
2
What is the units digit of 17002293?
3
What is the tens digit of 453707?
0
What is the tens digit of 18393233?
3
What is the units digit of 11919326?
6
What is the ten thousands digit of 738852?
3
What is the hundreds digit of 9443706?
7
What is the thousands digit of 3145574?
5
What is the hundreds digit of 1072557?
5
What is the hundred thousands digit of 139394?
1
What is the hundreds digit of 4814029?
0
What is the tens digit of 272596?
9
What is the units digit of 1028599?
9
What is the hundreds digit of 2978409?
4
What is the ten thousands digit of 922732?
2
What is the thousands digit of 210638?
0
What is the hundred thousands digit of 317082?
3
What is the hundred thousands digit of 431103?
4
What is the hundred thousands digit of 501086?
5
What is the tens digit of 7861268?
6
What is the units digit of 8429429?
9
What is the thousands digit of 8810636?
0
What is the ten thousands digit of 22945637?
4
What is the tens digit of 1185530?
3
What is the ten thousands digit of 351454?
5
What is the units digit of 576974?
4
What is the tens digit of 447294?
9
What is the ten thousands digit of 333373?
3
What is the millions digit of 1694404?
1
What is the tens digit of 443370?
7
What is the ten thousands digit of 10351481?
5
What is the thousands digit of 73532?
3
What is the hundred thousands digit of 3850296?
8
What is the hundred thousands digit of 1444593?
4
What is the hundreds digit of 945120?
1
What is the tens digit of 7878457?
5
What is the tens digit of 623001?
0
What is the units digit of 1115002?
2
What is the hundreds digit of 102332?
3
What is the tens digit of 6914798?
9
What is the ten thousands digit of 60519?
6
What is the ten thousands digit of 2900003?
0
What is the ten thousands digit of 354868?
5
What is the thousands digit of 338562?
8
What is the tens digit of 978346?
4
What is the millions digit of 18511330?
8
What is the ten thousands digit of 1260082?
6
What is the tens digit of 231341?
4
What is the thousands digit of 12040922?
0
What is the units digit of 85547?
7
What is the thousands digit of 7768068?
8
What is the hundreds digit of 4724281?
2
What is the hundreds digit of 129084?
0
What is the millions digit of 14862174?
4
What is the hundred thousands digit of 12216362?
2
What is the hundred thousands digit of 1552900?
5
What is the tens digit of 10234?
3
What is the units digit of 934192?
2
What is the tens digit of 1191888?
8
What is the units digit of 287047?
7
What is the millions digit of 1066964?
1
What is the hundreds digit of 21353046?
0
What is the hundreds digit of 2335293?
2
What is the ten thousands digit of 191853?
9
What is the millions digit of 6601947?
6
What is the hundred thousands digit of 6311572?
3
What is the tens digit of 1767612?
1
What is the tens digit of 219544?
4
What is the ten thousands digit of 17674566?
7
What is the ten thousands digit of 418666?
1
What is the hundreds digit of 6378116?
1
What is the hundreds digit of 107298?
2
What is the units digit of 16096725?
5
What is the millions digit of 6607828?
6
What is the hundred thousands digit of 2449989?
4
What is the ten thousands digit of 228631?
2
What is the tens digit of 166764?
6
What is the ten thousands digit of 24495?
2
What is the tens digit of 16911?
1
What is the tens digit of 3518356?
5
What is the hundred thousands digit of 4492905?
4
What is the thousands digit of 11207?
1
What is the millions digit of 8915847?
8
What is the units digit of 738114?
4
What is the millions digit of 10299136?
0
What is the millions digit of 1205258?
1
What is the millions digit of 10770365?
0
What is the units digit of 27458147?
7
What is the ten thousands digit of 28062050?
6
What is the hundred thousands digit of 1154142?
1
What is the units digit of 137157?
7
What is the hundred thousands digit of 1332288?
3
What is the thousands digit of 619139?
9
What is the ten thousands digit of 57621?
5
What is the units digit of 755613?
3
What is the thousands digit of 81281?
1
What is the millions digit of 6062710?
6
What is the units digit of 194991?
1
What is the ten thousands digit of 23608664?
0
What is the tens digit of 15318718?
1
What is the units digit of 84977?
7
What is the millions digit of 1317284?
1
What is the millions digit of 25151202?
5
What is the hundred thousands digit of 191853?
1
What is the ten millions digit of 14379835?
1
What is the units digit of 250390?
0
What is the ten thousands digit of 450040?
5
What is the tens digit of 17211055?
5
What is the ten thousands digit of 272403?
7
What is the hundred thousands digit of 5701491?
7
What is the units digit of 5320089?
9
What is the tens digit of 8435544?
4
What is the tens digit of 565102?
0
What is the hundreds digit of 1369713?
7
What is the hundreds digit of 10460445?
4
What is the units digit of 15846046?
6
What is the hundred thousands digit of 1322578?
3
What is the units digit of 233234?
4
What is the units digit of 301803?
3
What is the thousands digit of 867682?
7
What is the units digit of 6010430?
0
What is the millions digit of 4191700?
4
What is the ten thousands digit of 154679?
5
What is the millions digit of 19044755?
9
What is the tens digit of 357060?
6
What is the ten thousands digit of 4084192?
8
What is the ten thousands digit of 24306857?
0
What is the millions digit of 4678859?
4
What is the ten thousands digit of 62252?
6
What is the hundred thousands digit of 154853?
1
What is the ten thousands digit of 6056634?
5
What is the thousands digit of 440638?
0
What is the thousands digit of 1344828?
4
What is the units digit of 1602325?
5
What is the units digit of 2060959?
9
What is the ten millions digit of 11035663?
1
What is the millions digit of 3090864?
3
What is the thousands digit of 4941019?
1
What is the hundred thousands digit of 1329575?
3
What is the units digit of 12401181?
1
What is the units digit of 5194255?
5
What is the ten millions digit of 14554388?
1
What is the thousands digit of 2702957?
2
What is the units digit of 257157?
7
What is the hundreds digit of 1717703?
7
What is the tens digit of 232877?
7
What is the ten thousands digit of 6019181?
1
What is the ten thousands digit of 1899281?
9
What is the hundred thousands digit of 1348862?
3
What is the hundreds digit of 1014138?
1
What is the tens digit of 824018?
1
What is the units digit of 3823542?
2
What is the thousands digit of 2171118?
1
What is the millions digit of 3812525?
3
Wha